e prime factors of h.
2, 347
Suppose -15*p = -6551 - 60784. List the prime factors of p.
67
Let y = -21641 + 42513. List the prime factors of y.
2, 2609
Let g(z) be the third derivative of -37*z**4/24 - 14*z**3 - 176*z**2. List the prime factors of g(-6).
2, 3, 23
Suppose -4*d + 2 - 6 = 0. Let m be (d - -1)*(-2)/8. Suppose m = -5*u + 4*k + 27, 3*u + 5*k - k = -3. List the prime factors of u.
3
Let h = 569 - 477. Suppose -4*g + 69 = 7*q - 4*q, 4*q - h = g. What are the prime factors of q?
23
Let r be 6/15*2*70/28. Suppose 5*h + z = 1106, -r*h + z - 2*z = -440. What are the prime factors of h?
2, 3, 37
Suppose 0 = 9*h - 53 + 17. Suppose -2*b + 4*a = -1512, -2*b + 7*a - h*a = -1512. What are the prime factors of b?
2, 3, 7
Let u = 272 - 81. Suppose -h = -198 - u. Let k = -277 + h. What are the prime factors of k?
2, 7
Let q(n) = 2*n**3 - 44*n**2 + 33. Let j be q(22). Suppose -j*f - 5157 = -42*f. What are the prime factors of f?
3, 191
Let p = 228 + 436. Let o = -1060 + 1063. Suppose -1 = 4*v + 7, v - p = -o*x. List the prime factors of x.
2, 3, 37
Let d = 13040 - 4027. What are the prime factors of d?
9013
Let z(c) = 3 + 10*c - 7 - 5*c**2 + 4*c + 0 + c**3 - 2*c. What are the prime factors of z(11)?
2, 7, 61
Suppose 3*l - 1 = -0*l + 4*d, -5*d = -3*l - 1. Suppose -l*g = -15, -5*w + g - 32 = 98. What are the prime factors of (20/w)/((-2)/30)?
2, 3
Let r(j) = -j**2 - 9*j + 4. Let a be r(-13). What are the prime factors of (-19)/(190/a)*40/6?
2
Suppose -24 = 4*g - 3*h, 4*h + 47 + 5 = -4*g. What are the prime factors of 242/(-3)*(10 + g - 10)?
2, 3, 11
Let g be 66/(-22)*(-5)/3. Suppose -224 = -g*v + v. Suppose -4*t + 3*t - 4*f = -60, 5*f - v = -t. List the prime factors of t.
2, 19
Suppose 2*y - 2 = -0, -4*z - y + 285 = 0. Let a be -4 + 7 + 1 - z. Let x = a + 184. What are the prime factors of x?
3, 13
Suppose -2*v - 3*x + 18 = -x, -10 = -2*x. Suppose -v*m = -0*m - 224. Suppose 3*g + m - 239 = 0. What are the prime factors of g?
61
Let y = 99 - 94. Suppose y*o = 2*t - 21 - 4, 3*o = -5*t - 15. What are the prime factors of (-138)/30*(o - 0/(-2))?
23
Suppose 2*n + 5*v = 19, 0 = -2*n + 2*v - 2. Suppose n*h + c = -0*c + 911, 0 = -4*h - 3*c + 1827. Let y = h - 314. List the prime factors of y.
139
Let y(g) = 131*g + 754. List the prime factors of y(28).
2, 3, 11, 67
Let u(g) = g**2 + 20*g + 42. Let c be u(-17). Suppose 0 = -5*o - 2*s + 390, 0*s - 3*s = 2*o - 156. What are the prime factors of (o/(-8))/(c/60)?
5, 13
Let p(r) = 48*r - 174. Let s(b) = -7*b + 25. Let v(o) = -2*p(o) - 15*s(o). Let x be v(5). What are the prime factors of (-33033)/(-189) - (-4)/x?
5, 7
Let l(m) = 7*m - 8. Let b be l(2). Suppose -3*y - b = 0, 3*y - 7*y = -3*c + 1046. What are the prime factors of c?
2, 173
Suppose 9 = 3*d + 24. Let p(o) = -o**3 - 5*o**2 - 13*o - 8. Let v be p(d). Suppose 5*g - v = -u + 68, -2*u = -4*g - 250. What are the prime factors of u?
5
Let c(l) = -l**3 + 6*l**2 + 8*l - 2. Let j be c(7). Suppose 380 = -4*o + 5*o. Suppose -3*t - o = -4*i + 130, -j*t = i - 139. List the prime factors of i.
3, 43
Let i = -128 + 131. Suppose 5*n - 550 = 9*q - 4*q, i*n - 4*q - 330 = 0. List the prime factors of n.
2, 5, 11
Suppose 3*d = -3*u - 735, -7*d = 4*u - 4*d + 979. Let a = 312 - u. Suppose 2*b - 4*b = -2*h + a, 2*b = -h + 269. What are the prime factors of h?
5, 11
Let a be ((-14)/21)/((-1)/753). Let h = 498 - 251. Let k = a - h. List the prime factors of k.
3, 5, 17
Suppose 12*g + 8*g + 19*g = 0. Let p(d) = d**3 - 2*d**2 - 3*d + 667. List the prime factors of p(g).
23, 29
Let z(u) = -133*u**3 + 14*u**2 + 19*u + 35. List the prime factors of z(-3).
5, 739
List the prime factors of 19/76*31901 - 2/8.
5, 11, 29
Suppose -7*c + 3*c + r = -1172, 0 = 2*c + 4*r - 604. Suppose -k = -4*d + 4*k + 1121, -d + c = -4*k. Let t = 488 - d. List the prime factors of t.
2, 107
Let h(r) = 11*r + 41. Suppose -c = -14*d + 17*d - 15, 0 = -2*c - d + 45. List the prime factors of h(c).
5, 61
Suppose 0 = m - 5*v - 10, 3*m - 3*v - 23 = -m. Suppose -m*n + 7*n - 894 = 0. What are the prime factors of n?
3, 149
Let l(s) = -28*s**3 - 7*s + 2. Let n(v) = -33*v - 234. Let t be n(-7). List the prime factors of l(t).
19, 41
Let k(m) = -3*m**2 - 3*m - 3. Let p be k(3). Let a = p + 437. What are the prime factors of a?
2, 199
What are the prime factors of (-678130)/(-51) - 24/36?
2, 3, 277
Suppose 0 = -5*s + 83*q - 86*q + 77557, -31054 = -2*s + 4*q. What are the prime factors of s?
5, 29, 107
Let g be 6/2 + (-5 - -28)*1. Suppose 27*v - g*v = 484. List the prime factors of v.
2, 11
Suppose 0 = 11*o + 12 - 3048. Let l = o + 113. Suppose 2*h - 303 = -5*k + 638, 0 = 2*k + 5*h - l. What are the prime factors of k?
11, 17
Suppose -s + d = -12, -2*s + d - 6 = -25. Let g(y) = y**3 - 7*y**2 + 14. List the prime factors of g(s).
2, 7
Suppose 0 = -a + 1, x - 4 = 3*x + 4*a. Let u(m) be the first derivative of -m**4/2 - 4*m**3/3 - 5*m**2/2 - 2*m + 8. What are the prime factors of u(x)?
2, 41
Suppose 40*x = 13*x + 718173. List the prime factors of x.
67, 397
Let z(f) = -24 - 10*f**2 - 27*f + 29*f**2 + 75 - 34 + f**3. What are the prime factors of z(-18)?
827
List the prime factors of (-14 + (-660)/(-48))*-9224.
2, 1153
Suppose -2*y - 2841 = -5*l, -4*y = -27*l + 31*l + 5752. What are the prime factors of 0 + 5 - (y - (1 + 0))?
1439
What are the prime factors of 150 + (6/33 - (0 - 576/99))?
2, 3, 13
Let h(x) = -x**3 - 9*x**2 + 8*x + 52. Let s = 58 + -71. What are the prime factors of h(s)?
2, 3, 13
List the prime factors of 79869/6 + (-15)/(-300)*10.
2, 13
Let c = 5457 - -9936. What are the prime factors of c?
3, 7, 733
Let k be ((0/(-3))/(-2) + -279)*1. Let q be 5/(15/(-103))*k. List the prime factors of 6/45 + q/45.
3, 71
List the prime factors of 584912/62 + (-12)/186.
2, 53, 89
What are the prime factors of (-96)/28 + 3 + (-236028)/(-119)?
3, 661
Suppose -x + 377 = 5*w - 4722, -5*w + 5102 = -2*x. Suppose 0 = 3*a - 4*d - 1048, 3*a + 0*d - w = -3*d. What are the prime factors of a?
2, 43
Let t = -1380 + 1805. List the prime factors of t.
5, 17
Suppose 43*l = 34*l + 702. Suppose -79*b = -l*b - 1734. List the prime factors of b.
2, 3, 17
Let l(u) = 3*u**2 - 19*u + 71. Let t = 4 + 18. What are the prime factors of l(t)?
5, 13, 17
Let c be 9/4*(-1120)/(-210). What are the prime factors of 3 - ((-29880)/42 + c/28)?
2, 3, 7, 17
Let v(q) = -130*q**2 + 12*q - 8. Let s(l) = -258*l**2 + 23*l - 16. Let f(h) = -3*s(h) + 5*v(h). What are the prime factors of f(1)?
3, 41
Let b(h) = 71*h**2 - 8*h - 3. Let z be b(-2). Suppose 0 = v + 5*y - z - 47, 0 = -2*y - 10. What are the prime factors of v?
3, 41
Let b(h) = 33546*h - 124. List the prime factors of b(1).
2, 17, 983
Suppose 4*m - 2*z + 5*z - 55 = 0, -3*m = 3*z - 45. Suppose -m*l + 102 = -8*l. Let n = 63 - l. What are the prime factors of n?
2, 3
Suppose 95*r - 120028 = 5*r + 3985142. List the prime factors of r.
45613
Let t(v) = 59*v**2 - 2*v + 176. What are the prime factors of t(12)?
2, 23, 47
Let j be 17/(272/(-120))*-142. Suppose -13*p - j = -14*p. List the prime factors of p.
3, 5, 71
Suppose -12*w + 1008 = -9*w. Suppose 4*c - w = 284. Let g = c + -49. What are the prime factors of g?
2, 53
Suppose 2*b + 9*b - 165 = 0. Suppose 3*d = 3*u - 6, 4*u + 3 - b = 2*d. Suppose d*n = -0*n + 20. What are the prime factors of n?
2, 5
Let k be 2*(54/4)/9. Let n be 6 + 3 + k + -8. What are the prime factors of ((-199)/n)/((-8)/32)?
199
Suppose 0 = p - 5*i - 3 + 2, -5*p + 3*i = 39. Let z = p - -7. What are the prime factors of (32/80)/(z + 482/240)?
2, 3
Let z(t) = -2*t + 13. Let g be z(0). Suppose g*k - 8*k + 580 = 0. List the prime factors of (-4)/12*(k + 8/4).
2, 19
Let j = -168 - -171. Suppose -422 = -2*f + 5*w - 2*w, -5*f + 1076 = j*w. List the prime factors of f.
2, 107
Suppose -l + 9 = 2*l + 5*g, 4*l - 2*g = 38. Suppose -6*k + l - 26 = 0. List the prime factors of 0 - k - (-1 + -138 + -1).
11, 13
Let o = -139 + 226. Suppose 85*m + 34 = o*m. What are the prime factors of m?
17
Let c = -114 + 53. Let v = -68 - c. Let i(z) = -16*z - 2. What are the prime factors of i(v)?
2, 5, 11
Let h = 51393 - 35526. List the prime factors of h.
3, 41, 43
Suppose 0 = 2*a + a - 9. Let o be (-80)/1760 - (-178)/44. Suppose 5*g + 31 = a*d, 5*d - o = -4*g - 14. What are the prime factors of d?
2
Let a(k) =